{"id":731,"date":"2021-11-18T15:57:27","date_gmt":"2021-11-18T14:57:27","guid":{"rendered":"https:\/\/guillainbarre.fr\/?page_id=731"},"modified":"2023-05-03T14:36:29","modified_gmt":"2023-05-03T12:36:29","slug":"temoignages-video-syndrome-guillain-barre","status":"publish","type":"page","link":"https:\/\/guillainbarre.fr\/index.php\/temoignages-video-syndrome-guillain-barre\/","title":{"rendered":"T\u00e9moignages vid\u00e9o"},"content":{"rendered":"\n<p><strong>[Ailleurs sur le web] Le t\u00e9moignage de patients, en vid\u00e9o, sur le syndrome de Guillain-Barr\u00e9. Une maladie dont l&rsquo;impact peut varier, provoquant soit une l\u00e9g\u00e8re faiblesse dans le corps, soit une paralysie d\u00e9vastatrice.<\/strong><\/p>\n\n\n\n<div class=\"wp-block-columns\">\n<div class=\"wp-block-column\">\n<figure class=\"wp-block-embed is-type-video is-provider-youtube wp-block-embed-youtube wp-embed-aspect-16-9 wp-has-aspect-ratio\"><div class=\"wp-block-embed__wrapper\">\n<iframe loading=\"lazy\" title=\"t\u00e9trapl\u00e9gique apr\u00e8s un Guillain Barr\u00e9\" width=\"910\" height=\"512\" src=\"https:\/\/www.youtube.com\/embed\/4XVDCXYjo_4?feature=oembed\" frameborder=\"0\" allow=\"accelerometer; autoplay; clipboard-write; encrypted-media; gyroscope; picture-in-picture; web-share\" referrerpolicy=\"strict-origin-when-cross-origin\" allowfullscreen><\/iframe>\n<\/div><figcaption>En 2015, J\u00e9r\u00f4me est devenu t\u00e9trapl\u00e9gique \u00e0 la suite d&rsquo;un syndrome de Guillain-Barr\u00e9.<\/figcaption><\/figure>\n<\/div>\n\n\n\n<div class=\"wp-block-column\">\n<figure class=\"wp-block-embed is-type-video is-provider-youtube wp-block-embed-youtube wp-embed-aspect-16-9 wp-has-aspect-ratio\"><div class=\"wp-block-embed__wrapper\">\n<iframe loading=\"lazy\" title=\"R\u00e9\u00e9ducation Guillain-Barr\u00e9\" width=\"910\" height=\"512\" src=\"https:\/\/www.youtube.com\/embed\/nSbVc9wy1AA?feature=oembed\" frameborder=\"0\" allow=\"accelerometer; autoplay; clipboard-write; encrypted-media; gyroscope; picture-in-picture; web-share\" referrerpolicy=\"strict-origin-when-cross-origin\" allowfullscreen><\/iframe>\n<\/div><figcaption>Un r\u00e9sum\u00e9 de 14 mois de la r\u00e9\u00e9ducation de Yves suite \u00e0 un Syndrome de Guillain-Barr\u00e9.<\/figcaption><\/figure>\n\n\n\n<p><\/p>\n<\/div>\n<\/div>\n\n\n\n<div class=\"wp-block-columns\">\n<div class=\"wp-block-column\">\n<figure class=\"wp-block-embed is-type-video is-provider-youtube wp-block-embed-youtube wp-embed-aspect-16-9 wp-has-aspect-ratio\"><div class=\"wp-block-embed__wrapper\">\n<iframe loading=\"lazy\" title=\"Pr\u00e9sentation de ma chaine et de mon syndrome de Guillain-Barr\u00e9\" width=\"910\" height=\"512\" src=\"https:\/\/www.youtube.com\/embed\/4Wd3Pw_j2ZY?feature=oembed\" frameborder=\"0\" allow=\"accelerometer; autoplay; clipboard-write; encrypted-media; gyroscope; picture-in-picture; web-share\" referrerpolicy=\"strict-origin-when-cross-origin\" allowfullscreen><\/iframe>\n<\/div><figcaption>Suite \u00e0 son Guillain-Barr\u00e9, Jo\u00ebl se livre sur ses handicaps, sa rage de vivre et sur son droit d&rsquo;exister parmi les valides.<\/figcaption><\/figure>\n<\/div>\n\n\n\n<div class=\"wp-block-column\"><\/div>\n<\/div>\n\n\n\n<h2>T\u00e9moignages vid\u00e9os sur le Guillain-Barr\u00e9 en anglais<\/h2>\n\n\n\n<div class=\"wp-block-columns\">\n<div class=\"wp-block-column\">\n<figure class=\"wp-block-embed is-type-video is-provider-youtube wp-block-embed-youtube wp-embed-aspect-16-9 wp-has-aspect-ratio\"><div class=\"wp-block-embed__wrapper\">\n<iframe loading=\"lazy\" title=\"My Story: Guillain-Barr\u00e9 Syndrome\" width=\"910\" height=\"512\" src=\"https:\/\/www.youtube.com\/embed\/nX_CGmN66vg?feature=oembed\" frameborder=\"0\" allow=\"accelerometer; autoplay; clipboard-write; encrypted-media; gyroscope; picture-in-picture; web-share\" referrerpolicy=\"strict-origin-when-cross-origin\" allowfullscreen><\/iframe>\n<\/div><figcaption>On December 21, 2018, Lars was diagnosed with Guillain Barr\u00e9 Syndrome.<\/figcaption><\/figure>\n<\/div>\n\n\n\n<div class=\"wp-block-column\">\n<figure class=\"wp-block-embed is-type-video is-provider-youtube wp-block-embed-youtube wp-embed-aspect-16-9 wp-has-aspect-ratio\"><div class=\"wp-block-embed__wrapper\">\n<iframe loading=\"lazy\" title=\"My battle with Guillain-Barr\u00e9 Syndrome.\" width=\"910\" height=\"512\" src=\"https:\/\/www.youtube.com\/embed\/6vYwVPQ77J4?start=231&#038;feature=oembed\" frameborder=\"0\" allow=\"accelerometer; autoplay; clipboard-write; encrypted-media; gyroscope; picture-in-picture; web-share\" referrerpolicy=\"strict-origin-when-cross-origin\" allowfullscreen><\/iframe>\n<\/div><figcaption>March 13, 2018, Delilah was admitted into the hospital and never left for 7 weeks for a Guillain Barre Syndrome.<\/figcaption><\/figure>\n<\/div>\n<\/div>\n\n\n\n<div class=\"wp-block-columns\">\n<div class=\"wp-block-column\"><\/div>\n\n\n\n<div class=\"wp-block-column\"><\/div>\n<\/div>\n","protected":false},"excerpt":{"rendered":"<p>[Ailleurs sur le web] Le t&eacute;moignage de patients, en vid&eacute;o, sur le syndrome de Guillain-Barr&eacute;. Une maladie dont l&rsquo;impact peut varier, provoquant soit une l&eacute;g&egrave;re faiblesse dans le corps, soit une paralysie d&eacute;vastatrice. T&eacute;moignages vid&eacute;os sur le Guillain-Barr&eacute; en anglais<\/p>\n","protected":false},"author":1,"featured_media":0,"parent":0,"menu_order":0,"comment_status":"closed","ping_status":"closed","template":"","meta":[],"yoast_head":"<!-- This site is optimized with the Yoast SEO plugin v19.4 - https:\/\/yoast.com\/wordpress\/plugins\/seo\/ -->\n<title>T\u00e9moignages vid\u00e9o - Le Syndrome de Guillain-Barr\u00e9<\/title>\n<meta name=\"description\" content=\"Des patients ayant contract\u00e9 la maladie partagent en vid\u00e9o leurs t\u00e9moignages sur le syndrome de Guillain-Barr\u00e9.\" \/>\n<meta name=\"robots\" content=\"index, follow, max-snippet:-1, max-image-preview:large, max-video-preview:-1\" \/>\n<link rel=\"canonical\" href=\"https:\/\/guillainbarre.fr\/index.php\/temoignages-video-syndrome-guillain-barre\/\" \/>\n<meta property=\"og:locale\" content=\"fr_FR\" \/>\n<meta property=\"og:type\" content=\"article\" \/>\n<meta property=\"og:title\" content=\"T\u00e9moignages vid\u00e9o - Le Syndrome de Guillain-Barr\u00e9\" \/>\n<meta property=\"og:description\" content=\"Des patients ayant contract\u00e9 la maladie partagent en vid\u00e9o leurs t\u00e9moignages sur le syndrome de Guillain-Barr\u00e9.\" \/>\n<meta property=\"og:url\" content=\"https:\/\/guillainbarre.fr\/index.php\/temoignages-video-syndrome-guillain-barre\/\" \/>\n<meta property=\"og:site_name\" content=\"Le Syndrome de Guillain-Barr\u00e9\" \/>\n<meta property=\"article:modified_time\" content=\"2023-05-03T12:36:29+00:00\" \/>\n<meta name=\"twitter:card\" content=\"summary_large_image\" \/>\n<meta name=\"twitter:label1\" content=\"Dur\u00e9e de lecture estim\u00e9e\" \/>\n\t<meta name=\"twitter:data1\" content=\"1 minute\" \/>\n<script type=\"application\/ld+json\" class=\"yoast-schema-graph\">{\"@context\":\"https:\/\/schema.org\",\"@graph\":[{\"@type\":\"WebSite\",\"@id\":\"https:\/\/guillainbarre.fr\/#website\",\"url\":\"https:\/\/guillainbarre.fr\/\",\"name\":\"Le Syndrome de Guillain-Barr\u00e9\",\"description\":\"T\u00e9moignages et informations autour de la maladie\",\"potentialAction\":[{\"@type\":\"SearchAction\",\"target\":{\"@type\":\"EntryPoint\",\"urlTemplate\":\"https:\/\/guillainbarre.fr\/?s={search_term_string}\"},\"query-input\":\"required name=search_term_string\"}],\"inLanguage\":\"fr-FR\"},{\"@type\":\"WebPage\",\"@id\":\"https:\/\/guillainbarre.fr\/index.php\/temoignages-video-syndrome-guillain-barre\/\",\"url\":\"https:\/\/guillainbarre.fr\/index.php\/temoignages-video-syndrome-guillain-barre\/\",\"name\":\"T\u00e9moignages vid\u00e9o - Le Syndrome de Guillain-Barr\u00e9\",\"isPartOf\":{\"@id\":\"https:\/\/guillainbarre.fr\/#website\"},\"datePublished\":\"2021-11-18T14:57:27+00:00\",\"dateModified\":\"2023-05-03T12:36:29+00:00\",\"description\":\"Des patients ayant contract\u00e9 la maladie partagent en vid\u00e9o leurs t\u00e9moignages sur le syndrome de Guillain-Barr\u00e9.\",\"breadcrumb\":{\"@id\":\"https:\/\/guillainbarre.fr\/index.php\/temoignages-video-syndrome-guillain-barre\/#breadcrumb\"},\"inLanguage\":\"fr-FR\",\"potentialAction\":[{\"@type\":\"ReadAction\",\"target\":[\"https:\/\/guillainbarre.fr\/index.php\/temoignages-video-syndrome-guillain-barre\/\"]}]},{\"@type\":\"BreadcrumbList\",\"@id\":\"https:\/\/guillainbarre.fr\/index.php\/temoignages-video-syndrome-guillain-barre\/#breadcrumb\",\"itemListElement\":[{\"@type\":\"ListItem\",\"position\":1,\"name\":\"Accueil\",\"item\":\"https:\/\/guillainbarre.fr\/\"},{\"@type\":\"ListItem\",\"position\":2,\"name\":\"T\u00e9moignages vid\u00e9o\"}]}]}<\/script>\n<!-- \/ Yoast SEO plugin. -->","yoast_head_json":{"title":"T\u00e9moignages vid\u00e9o - Le Syndrome de Guillain-Barr\u00e9","description":"Des patients ayant contract\u00e9 la maladie partagent en vid\u00e9o leurs t\u00e9moignages sur le syndrome de Guillain-Barr\u00e9.","robots":{"index":"index","follow":"follow","max-snippet":"max-snippet:-1","max-image-preview":"max-image-preview:large","max-video-preview":"max-video-preview:-1"},"canonical":"https:\/\/guillainbarre.fr\/index.php\/temoignages-video-syndrome-guillain-barre\/","og_locale":"fr_FR","og_type":"article","og_title":"T\u00e9moignages vid\u00e9o - Le Syndrome de Guillain-Barr\u00e9","og_description":"Des patients ayant contract\u00e9 la maladie partagent en vid\u00e9o leurs t\u00e9moignages sur le syndrome de Guillain-Barr\u00e9.","og_url":"https:\/\/guillainbarre.fr\/index.php\/temoignages-video-syndrome-guillain-barre\/","og_site_name":"Le Syndrome de Guillain-Barr\u00e9","article_modified_time":"2023-05-03T12:36:29+00:00","twitter_card":"summary_large_image","twitter_misc":{"Dur\u00e9e de lecture estim\u00e9e":"1 minute"},"schema":{"@context":"https:\/\/schema.org","@graph":[{"@type":"WebSite","@id":"https:\/\/guillainbarre.fr\/#website","url":"https:\/\/guillainbarre.fr\/","name":"Le Syndrome de Guillain-Barr\u00e9","description":"T\u00e9moignages et informations autour de la maladie","potentialAction":[{"@type":"SearchAction","target":{"@type":"EntryPoint","urlTemplate":"https:\/\/guillainbarre.fr\/?s={search_term_string}"},"query-input":"required name=search_term_string"}],"inLanguage":"fr-FR"},{"@type":"WebPage","@id":"https:\/\/guillainbarre.fr\/index.php\/temoignages-video-syndrome-guillain-barre\/","url":"https:\/\/guillainbarre.fr\/index.php\/temoignages-video-syndrome-guillain-barre\/","name":"T\u00e9moignages vid\u00e9o - Le Syndrome de Guillain-Barr\u00e9","isPartOf":{"@id":"https:\/\/guillainbarre.fr\/#website"},"datePublished":"2021-11-18T14:57:27+00:00","dateModified":"2023-05-03T12:36:29+00:00","description":"Des patients ayant contract\u00e9 la maladie partagent en vid\u00e9o leurs t\u00e9moignages sur le syndrome de Guillain-Barr\u00e9.","breadcrumb":{"@id":"https:\/\/guillainbarre.fr\/index.php\/temoignages-video-syndrome-guillain-barre\/#breadcrumb"},"inLanguage":"fr-FR","potentialAction":[{"@type":"ReadAction","target":["https:\/\/guillainbarre.fr\/index.php\/temoignages-video-syndrome-guillain-barre\/"]}]},{"@type":"BreadcrumbList","@id":"https:\/\/guillainbarre.fr\/index.php\/temoignages-video-syndrome-guillain-barre\/#breadcrumb","itemListElement":[{"@type":"ListItem","position":1,"name":"Accueil","item":"https:\/\/guillainbarre.fr\/"},{"@type":"ListItem","position":2,"name":"T\u00e9moignages vid\u00e9o"}]}]}},"_links":{"self":[{"href":"https:\/\/guillainbarre.fr\/index.php\/wp-json\/wp\/v2\/pages\/731"}],"collection":[{"href":"https:\/\/guillainbarre.fr\/index.php\/wp-json\/wp\/v2\/pages"}],"about":[{"href":"https:\/\/guillainbarre.fr\/index.php\/wp-json\/wp\/v2\/types\/page"}],"author":[{"embeddable":true,"href":"https:\/\/guillainbarre.fr\/index.php\/wp-json\/wp\/v2\/users\/1"}],"replies":[{"embeddable":true,"href":"https:\/\/guillainbarre.fr\/index.php\/wp-json\/wp\/v2\/comments?post=731"}],"version-history":[{"count":10,"href":"https:\/\/guillainbarre.fr\/index.php\/wp-json\/wp\/v2\/pages\/731\/revisions"}],"predecessor-version":[{"id":4724,"href":"https:\/\/guillainbarre.fr\/index.php\/wp-json\/wp\/v2\/pages\/731\/revisions\/4724"}],"wp:attachment":[{"href":"https:\/\/guillainbarre.fr\/index.php\/wp-json\/wp\/v2\/media?parent=731"}],"curies":[{"name":"wp","href":"https:\/\/api.w.org\/{rel}","templated":true}]}}